culate the remainder when 18 is divided by (p + d/(-28))*7.
8
Let a(j) = 5*j - 7. Calculate the remainder when 13 is divided by a(2).
1
Let b(r) = r + 14. Suppose -2*i + 21 + 15 = 0. Let z = i + -26. What is the remainder when 23 is divided by b(z)?
5
Suppose -34 = -w - 2*c, -c = c - 10. Calculate the remainder when 50 is divided by w.
2
Let p(k) = k**2 - 35*k + 47. Calculate the remainder when 21 is divided by p(34).
8
Let j(r) = -r**2 + 16*r - 14. Calculate the remainder when 89 is divided by j(13).
14
Let k = 1121 - 1059. Suppose -4*y = -7 - 5. Suppose y*d = -0*d + 63. Calculate the remainder when k is divided by d.
20
Let q = 302 - 294. Calculate the remainder when 94 is divided by q.
6
Suppose -x - 3*w + 4 = 9, 0 = 2*x - 2*w - 14. Suppose 5*q = -j + 10, -6*j = -2*q - 2*j - 18. Calculate the remainder when x - (-48 - (q - 3)) is divided by 13.
11
Let c = -25 + 31. Let y = 26 + 4. Let z = y - c. Calculate the remainder when 93 is divided by z.
21
Suppose 69 = 2*h + h. Let q(o) = -2*o**2 + 68. Let i be q(0). Let r = -59 + i. Calculate the remainder when h is divided by r.
5
Suppose 4*t + 5 = -5*j - 1, -4*t = -5*j - 14. Calculate the remainder when (1 - (3 - j)) + 36 is divided by 6.
2
Suppose -26*a = -23*a + 18. Let n(i) = 2*i**2 - 6*i + 16. Calculate the remainder when n(a) is divided by 21.
19
Let g = -6350 - -6357. Let d(h) = h**3 + 5*h**2 - h + 6. Let q(l) = -l**2 - 4*l. Let b be q(-5). Calculate the remainder when d(b) is divided by g.
4
Calculate the remainder when (54/(-8))/((-81)/20 + 4) is divided by 39.
18
Let y = -42 + 32. Let c be ((-21)/35)/(2/y). Suppose m = -c*n - 1, 2*m = 4*m - n - 26. What is the remainder when 52 is divided by m?
8
Let o(y) be the first derivative of y**4/4 + 3*y**3 + 9*y**2/2 + 6*y + 2. Let n be o(-8). Calculate the remainder when 33 is divided by -3 + 7 - n*4.
9
Let h(g) = -278*g - 159. Calculate the remainder when h(-2) is divided by 50.
47
Suppose -178 - 60 = -7*c. Calculate the remainder when 237 is divided by c.
33
Let y(j) be the second derivative of 1/2*j**3 + 9*j**2 - 3*j + 0. What is the remainder when 71 is divided by y(6)?
35
Let p(q) = q**2 - 8*q + 23. Let f be p(5). Suppose 0 = -h + f + 15. Calculate the remainder when h is divided by 13.
10
What is the remainder when 94 is divided by (9 - 1) + 3 - (0 - 0)?
6
Let j(k) = k - 9. Let h be j(8). Let o(x) = 106*x**2 - 2*x - 2. Calculate the remainder when o(h) is divided by 36.
34
Calculate the remainder when 61 is divided by 3/(-18)*2 + 1236/36.
27
Calculate the remainder when 143 is divided by -4 - (-222)/8 - 1/(-4).
23
Let m(q) = q**2 + 2*q + 1. Let t be m(-3). What is the remainder when 90 is divided by 295/10 - (-6)/t?
28
Suppose 3*s + d - 120 = 2*d, 3*d + 80 = 2*s. Let j(k) = k**3 - 12*k**2 - 5*k + 14. What is the remainder when j(13) is divided by s?
38
Let t(v) = -v + 0*v + 3*v + 2. Let g be t(-2). What is the remainder when 50 is divided by ((-8)/(-12))/(g/(-39))?
11
Suppose c - 1431 = -3*x, -22*c + 5*x = -21*c - 1447. Calculate the remainder when c is divided by 16.
13
Suppose 0 = 5*n + 10, -h - n = -18 - 59. What is the remainder when h is divided by (-264)/(-26) - (-2)/(-13)?
9
Let u(t) = 13 + 2*t + t - 4*t. Let x(f) = -f**3 - 7*f**2 - 6*f + 4. Calculate the remainder when u(4) is divided by x(-6).
1
Let w(q) = -3*q**2 + 78*q + 7. Calculate the remainder when 263 is divided by w(25).
17
Let i(s) = -41*s - 24. Let l be i(-7). Let g = -103 + l. What is the remainder when g is divided by 27?
25
Let v(r) = 5*r**2 - 17*r + 4. Suppose -j = 3*u - 60, -3*u - 3*j + 40 = -u. What is the remainder when v(-2) is divided by u?
18
Suppose 177 = 13*u - 174. Calculate the remainder when 134 is divided by u.
26
Let a = -556 - -672. Calculate the remainder when a is divided by 11.
6
Suppose -4*n + 9*u + 91 = 4*u, -n + 44 = 3*u. Calculate the remainder when 433 is divided by n.
27
Let y(z) = -3*z + 192. Calculate the remainder when y(21) is divided by 23.
14
What is the remainder when 125 is divided by (-108)/(-5) - -4 - (-4)/10?
21
Suppose v - 7 = b, -5*v + 23 = -3*b - 0*v. What is the remainder when 30 is divided by ((-6)/1)/(b*1/16)?
14
Let j(m) = 3*m**2 + 3. Let s = -16 - -134. Calculate the remainder when s is divided by j(-3).
28
Let j(w) = -w**3 - 2*w**2 - w - 1. Let b(u) = -u**2 + 10*u - 20. Suppose -14 = -5*x + 26. Let a be b(x). Calculate the remainder when j(a) is divided by 9.
8
Let v(g) = -g**2 - 11*g + 7. What is the remainder when 11 is divided by v(-11)?
4
What is the remainder when 158 is divided by ((-119)/(-7) - 3)/(4/6)?
11
What is the remainder when ((-3)/((-60)/(-425)))/((-7)/336) is divided by 93?
90
Suppose 9*l + 8*l - 1479 = 0. Calculate the remainder when 240 is divided by l.
66
Let f(x) = 44*x - 511. What is the remainder when f(13) is divided by (-84)/10*(-30)/12?
19
Suppose 0 = -2*n + 4*n - 3*l + 3, 4*l = -3*n + 38. Let j(b) = 6*b - 10. Calculate the remainder when j(n) is divided by 4.
2
Let k = -59 - -81. Suppose 2*d + 5 = -39. Let y = d - -65. Calculate the remainder when y is divided by k.
21
Let b = -58 + 100. Suppose 2 = -2*a - 2*p, 1 = 5*a + p + 2*p. Suppose 3*g + a*g = 55. Calculate the remainder when b is divided by g.
9
Let m = 126 + -104. What is the remainder when m is divided by 5?
2
Suppose -210 = -q - 5*m, q + 3*m - 385 = -q. Let i be q/5 + (2 - 0). Suppose 5*h - 2*h = i. Calculate the remainder when 37 is divided by h.
11
Let t(s) = -2*s**2 + 43*s - 93. Calculate the remainder when 9 is divided by t(19).
1
Let i = -17387 - -17410. Calculate the remainder when 39 - (0 + 1*-1) is divided by i.
17
Let i(x) be the third derivative of x**6/120 + x**5/5 + 2*x**4/3 - 5*x**3/6 - 4*x**2. Calculate the remainder when 138 is divided by i(-10).
33
Let t(o) = -o**3 + o**2 + o - 1. Let r(f) = 3*f**3 + 5*f**2 + 3*f - 5. Let k(y) = r(y) + 2*t(y). What is the remainder when 40 is divided by k(-3)?
12
Let z(b) = -267 + 269 + 2*b**2 + 39*b - 4*b. What is the remainder when 37 is divided by z(-18)?
17
Let s = 68 - 48. Suppose -4*f = -2*y - 13 - 3, 3*y = -5*f + s. Suppose -171 - 9 = -f*u. What is the remainder when u is divided by 12?
9
Let u(g) be the first derivative of -13*g**4 + g - 7. What is the remainder when u(-1) is divided by 27?
26
Suppose 4*o + 4*o = 4*f + 156, -3*f = 15. Let m(c) = 83*c**2 + c - 1. Calculate the remainder when m(1) is divided by o.
15
Let u = 1137 + -1127. Calculate the remainder when 19 is divided by u.
9
Suppose 29*o - 487 = 1804. What is the remainder when o is divided by -1 + -1 - (-1 - 28)?
25
Suppose -2074 = -45*o + 1346. Calculate the remainder when o is divided by 41.
35
Let q(r) = -5*r - 18 + 30 - 11. Suppose -4 = 4*j - 0. What is the remainder when 15 is divided by q(j)?
3
Let r = -115 - -186. Let y be ((1 - -100) + -3)/(0 - -1). Suppose -4*n = 3*w - 66, 5*w - w + y = 5*n. Calculate the remainder when r is divided by n.
17
Let o = -146 - -193. Calculate the remainder when o is divided by 20.
7
Suppose -8 = -4*w + 4*a - 0*a, 0 = 2*w + a - 4. Calculate the remainder when 115 is divided by 15 + 0 + 4/w.
13
Let d = -64 + 88. Let g(v) = -161*v**2 - 3*v - 2. Let n be g(-2). What is the remainder when n/(-14) + (-8)/(-28) is divided by d?
22
Suppose 9*z = -95 + 1148. What is the remainder when z is divided by 7?
5
Suppose -16*j + 12*j + 80 = 0. Calculate the remainder when 39 is divided by j.
19
Suppose -2015 = -8*t - 5*t. Calculate the remainder when t is divided by 80.
75
Suppose -c - 78 = 2*k - 581, 3*c + 1031 = 4*k. Let x(p) = 2*p**3 - 6*p**2 - 16. What is the remainder when k is divided by x(4)?
14
Let o(x) = -7*x + 1. Let w be o(-1). Suppose 5*t - 6 = w*t. Calculate the remainder when 26 is divided by 0 + 6 + (t - -3).
5
Let a(m) = m**3 + 4*m**2 + 2*m + 2. Let w be a(-4). What is the remainder when ((-11)/(-3))/((-2)/w) is divided by (1*-1)/((-12)/48)?
3
Suppose 4*n - b = 5, -n + 7*b - 10 = 3*b. Let w be ((-10)/10)/(n/30). Calculate the remainder when 26 is divided by (10/w)/(2/(-21)).
5
Suppose -5*v + c = -3*c - 98, 3*v - 3*c = 57. Let d(f) = 3. Let x(o) = -o. Let h(s) = -d(s) - 5*x(s). Calculate the remainder when v is divided by h(3).
10
Let p = -4 - -6. Let t be -26*((2 - p) + -1). Let y = t + -12. Calculate the remainder when 40 is divided by y.
12
Suppose 5*g = -5*v + 15 - 5, 4*v - 